{"id":18134,"date":"2025-04-20T19:17:05","date_gmt":"2025-04-21T02:17:05","guid":{"rendered":"https:\/\/www.lomixto.com\/blog\/?page_id=18134"},"modified":"2025-04-20T19:18:36","modified_gmt":"2025-04-21T02:18:36","slug":"live","status":"publish","type":"page","link":"https:\/\/www.lomixto.com\/blog\/live\/","title":{"rendered":"En Vivo"},"content":{"rendered":"\n<figure class=\"wp-block-embed is-type-video is-provider-youtube wp-block-embed-youtube wp-embed-aspect-4-3 wp-has-aspect-ratio\"><div class=\"wp-block-embed__wrapper\">\n<div class=\"mnmd-responsive-video\"><iframe title=\"Se\u00f1al en Vivo CREALATV \ud83d\udd34  Televisi\u00f3n 24\/7 desde Mexicali, M\u00e9xico | Entretenimiento, Noticias y M\u00e1s\" width=\"1200\" height=\"900\" src=\"https:\/\/www.youtube.com\/embed\/gWbdC12y4xk?feature=oembed\" frameborder=\"0\" allow=\"accelerometer; autoplay; clipboard-write; encrypted-media; gyroscope; picture-in-picture; web-share\" referrerpolicy=\"strict-origin-when-cross-origin\" allowfullscreen><\/iframe><\/div>\n<\/div><\/figure>\n\n\n\n<p>\u00a1Televisi\u00f3n en VIVO desde Mexicali!\u00a0<\/p>\n\n\n\n<p>Vive la experiencia televisiva m\u00e1s emocionante de Mexicali, Baja California.\u00a0\u00a0<strong>Transmitimos 24\/7\u00a0<\/strong>con una programaci\u00f3n que te dejar\u00e1 pegado a la pantalla.<\/p>\n\n\n\n<p><strong>\u00bfQu\u00e9 te espera en CREALATV?<\/strong><\/p>\n\n\n\n<p>Noticias de Mexicali al momento: Ent\u00e9rate de lo \u00faltimo que ocurre en nuestra ciudad, con an\u00e1lisis y debates que te mantendr\u00e1n informado.<\/p>\n\n\n\n<p>\u00a1Diversi\u00f3n sin l\u00edmites! Programas de entretenimiento, entrevistas, m\u00fasica y mucho m\u00e1s para que pases un rato incre\u00edble.<\/p>\n\n\n\n<p>Eventos especiales que no te puedes perder: Desde conciertos hasta festivales, transmitimos en vivo lo mejor de Mexicali y todo M\u00e9xico.<\/p>\n\n\n\n<p>\u00a1Interacci\u00f3n total! Participa en nuestros programas a trav\u00e9s del chat en vivo, comparte tus opiniones y conecta con otros cachanillas.<\/p>\n\n\n\n<p>No te pierdas nuestra programaci\u00f3n #EnVivo y descubre por qu\u00e9 somos la sensaci\u00f3n del momento.\u00a0<\/p>\n\n\n\n<p><\/p>\n","protected":false},"excerpt":{"rendered":"<p>\u00a1Televisi\u00f3n en VIVO desde Mexicali!\u00a0 Vive la experiencia televisiva m\u00e1s emocionante de Mexicali, Baja California.\u00a0\u00a0Transmitimos 24\/7\u00a0con una programaci\u00f3n que te dejar\u00e1 pegado a la pantalla. \u00bfQu\u00e9 te espera en CREALATV? Noticias de Mexicali al momento: Ent\u00e9rate de lo \u00faltimo que ocurre en nuestra ciudad, con an\u00e1lisis y debates que te mantendr\u00e1n informado. \u00a1Diversi\u00f3n sin l\u00edmites! Programas de entretenimiento, entrevistas, m\u00fasica y mucho m\u00e1s para que pases un rato incre\u00edble. Eventos especiales que no te puedes perder: Desde conciertos hasta festivales, transmitimos en vivo lo mejor de Mexicali y todo M\u00e9xico. \u00a1Interacci\u00f3n total! Participa en nuestros programas a trav\u00e9s del chat [&hellip;]<\/p>\n","protected":false},"author":1,"featured_media":0,"parent":0,"menu_order":0,"comment_status":"closed","ping_status":"closed","template":"","meta":{"footnotes":""},"class_list":["post-18134","page","type-page","status-publish","hentry"],"meta_box":{"bk_page_description":"","bk_page_header_style":"global_settings","bk_page_feat_img":"global_settings","bk_page_layout":"global_settings","bk_page_sidebar_select":"global_settings","bk_page_sidebar_position":"global_settings","bk_page_sidebar_sticky":"global_settings"},"_links":{"self":[{"href":"https:\/\/www.lomixto.com\/blog\/wp-json\/wp\/v2\/pages\/18134","targetHints":{"allow":["GET"]}}],"collection":[{"href":"https:\/\/www.lomixto.com\/blog\/wp-json\/wp\/v2\/pages"}],"about":[{"href":"https:\/\/www.lomixto.com\/blog\/wp-json\/wp\/v2\/types\/page"}],"author":[{"embeddable":true,"href":"https:\/\/www.lomixto.com\/blog\/wp-json\/wp\/v2\/users\/1"}],"replies":[{"embeddable":true,"href":"https:\/\/www.lomixto.com\/blog\/wp-json\/wp\/v2\/comments?post=18134"}],"version-history":[{"count":1,"href":"https:\/\/www.lomixto.com\/blog\/wp-json\/wp\/v2\/pages\/18134\/revisions"}],"predecessor-version":[{"id":18136,"href":"https:\/\/www.lomixto.com\/blog\/wp-json\/wp\/v2\/pages\/18134\/revisions\/18136"}],"wp:attachment":[{"href":"https:\/\/www.lomixto.com\/blog\/wp-json\/wp\/v2\/media?parent=18134"}],"curies":[{"name":"wp","href":"https:\/\/api.w.org\/{rel}","templated":true}]}}